{"id":1758,"date":"2021-11-05T21:58:44","date_gmt":"2021-11-06T03:58:44","guid":{"rendered":"https:\/\/estudioscriticosgeopolitica.net\/?page_id=1758"},"modified":"2023-09-30T16:45:23","modified_gmt":"2023-09-30T22:45:23","slug":"mtro-cesari-irwing-rico-becerra","status":"publish","type":"page","link":"https:\/\/estudioscriticosgeopolitica.net\/?page_id=1758","title":{"rendered":"Cesari Irwing Rico Becerra"},"content":{"rendered":"\n<div class=\"wp-block-columns is-layout-flex wp-container-core-columns-is-layout-28f84493 wp-block-columns-is-layout-flex\">\n<div class=\"wp-block-column is-layout-flow wp-block-column-is-layout-flow\" style=\"flex-basis:33.33%\">\n<figure class=\"wp-block-image size-large is-style-default\"><img loading=\"lazy\" decoding=\"async\" width=\"1024\" height=\"1024\" src=\"https:\/\/estudioscriticosgeopolitica.net\/wp-content\/uploads\/2021\/11\/WhatsApp-Image-2021-10-26-at-7.59.17-PM-4-1024x1024.jpeg\" alt=\"\" class=\"wp-image-1763\" srcset=\"https:\/\/estudioscriticosgeopolitica.net\/wp-content\/uploads\/2021\/11\/WhatsApp-Image-2021-10-26-at-7.59.17-PM-4-1024x1024.jpeg 1024w, https:\/\/estudioscriticosgeopolitica.net\/wp-content\/uploads\/2021\/11\/WhatsApp-Image-2021-10-26-at-7.59.17-PM-4-300x300.jpeg 300w, https:\/\/estudioscriticosgeopolitica.net\/wp-content\/uploads\/2021\/11\/WhatsApp-Image-2021-10-26-at-7.59.17-PM-4-150x150.jpeg 150w, https:\/\/estudioscriticosgeopolitica.net\/wp-content\/uploads\/2021\/11\/WhatsApp-Image-2021-10-26-at-7.59.17-PM-4-768x769.jpeg 768w, https:\/\/estudioscriticosgeopolitica.net\/wp-content\/uploads\/2021\/11\/WhatsApp-Image-2021-10-26-at-7.59.17-PM-4.jpeg 1314w\" sizes=\"auto, (max-width: 1024px) 100vw, 1024px\" \/><\/figure>\n<\/div>\n\n\n\n<div class=\"wp-block-column is-layout-flow wp-block-column-is-layout-flow\" style=\"flex-basis:66.66%\">\n<p><\/p>\n\n\n\n<p><\/p>\n\n\n\n<p><\/p>\n\n\n\n<p><\/p>\n\n\n\n<p><\/p>\n\n\n\n<p><\/p>\n\n\n\n<p><\/p>\n<\/div>\n<\/div>\n\n\n\n<p class=\"has-ast-global-color-2-color has-text-color\"><strong>Estudios<\/strong><\/p>\n\n\n\n<ul class=\"wp-block-list\">\n<li>Licenciado en Relaciones Internacionales, con menci\u00f3n honor\u00edfica, por la Universidad Nacional Aut\u00f3noma de M\u00e9xico<\/li>\n\n\n\n<li>Maestro en Estudios en Relaciones Internacionales, con menci\u00f3n honor\u00edfica, por el Programa de Posgrado en Ciencias Pol\u00edticas y Sociales de la UNAM<\/li>\n\n\n\n<li>Actualmente estudia el Doctorado en Ciencias Pol\u00edticas y Sociales del Programa de Posgrado en Ciencias Pol\u00edticas y Sociales de la UNAM<\/li>\n<\/ul>\n\n\n\n<p><\/p>\n\n\n\n<p class=\"has-ast-global-color-2-color has-text-color\"><strong>Informaci\u00f3n de contacto<\/strong><\/p>\n\n\n\n<p>irwing.rico@politicas.unam.mx<\/p>\n\n\n\n<p><\/p>\n\n\n\n<p class=\"has-ast-global-color-2-color has-text-color\"><strong>L\u00edneas de investigaci\u00f3n<\/strong><\/p>\n\n\n\n<ul class=\"wp-block-list\">\n<li>Hegemon\u00eda y geopol\u00edtica de Estados Unidos<\/li>\n\n\n\n<li>Pensamiento estrat\u00e9gico de Estados Unidos<\/li>\n\n\n\n<li>Competencia geoestrat\u00e9gica mundial en el siglo XXI<\/li>\n\n\n\n<li>Seguridad y militarizaci\u00f3n en el sistema mundial<\/li>\n\n\n\n<li>Geopol\u00edtica de las comunicaciones internacionales<\/li>\n<\/ul>\n\n\n\n<p><\/p>\n\n\n\n<p class=\"has-ast-global-color-2-color has-text-color\"><strong>Cursos impartidos<\/strong><\/p>\n\n\n\n<ul class=\"wp-block-list\">\n<li>Profesor de asignatura adscrito al Centro de Relaciones Internacionales de la Facultad de Ciencias Pol\u00edticas y Sociales, UNAM. En donde imparte las asignaturas \u201cGeograf\u00eda\u201d, \u201cNorteam\u00e9rica\u201d, \u201cComunicaciones Internacionales\u201d y \u201cPaz, Seguridad y Desarrollo\u201d<\/li>\n<\/ul>\n\n\n\n<ul class=\"wp-block-list\">\n<li>Profesor de asignatura adscrito al Sistema de Universidad Abierta y a Distancia de la Facultad de Ciencias Pol\u00edticas y Sociales, UNAM. En donde imparte la asignatura \u201cComunicaciones Internacionales\u201d (Sistema de Universidad a Distancia)<\/li>\n<\/ul>\n\n\n\n<ul class=\"wp-block-list\">\n<li>Coordinaci\u00f3n acad\u00e9mica del Diplomado \u201cInducci\u00f3n a la Investigaci\u00f3n Geopol\u00edtica\u201d de la Divisi\u00f3n de Educaci\u00f3n Continua y Vinculaci\u00f3n de la FCPyS, UNAM.<\/li>\n<\/ul>\n\n\n\n<p><\/p>\n\n\n\n<p class=\"has-ast-global-color-2-color has-text-color\"><strong>Publicaciones<\/strong><\/p>\n\n\n\n<p><em>Autor\u00eda y coautor\u00eda<\/em><\/p>\n\n\n\n<ul class=\"wp-block-list\">\n<li>Herrera Santana, David; Gonz\u00e1lez Luna, Fabi\u00e1n; Saracho L\u00f3pez, Federico y Rico Becerra, Irwing; <em>Espacios Negativos. Praxis y antipraxis. <\/em>Akal, UNAM, M\u00e9xico, 2020, 140 pp. ISBN: 978-607-8683-34-5<\/li>\n<\/ul>\n\n\n\n<p><em>Art\u00edculos en revistas<\/em><\/p>\n\n\n\n<ul class=\"wp-block-list\">\n<li>Zavaleta Hern\u00e1ndez, Sandra Kanety y Rico Becerra, Cesari Irwing, \u201cLa pandemia del SARS-CoV-2 como riesgo global: desigualdad e inseguridad humana\u201d en <em>URVIO. Revista Latinoamericana de Estudios de Seguridad, <\/em>FLACSO Ecuador,no. 31, septiembre-diciembre 2021, pp. 62-76, ISSN 1390-4299, DOI: <a href=\"https:\/\/doi.org\/10.17141\/urvio.31.2021.4985\">https:\/\/doi.org\/10.17141\/urvio.31.2021.4985<\/a><\/li>\n\n\n\n<li>Rico Becerra, Cesari Irwing, \u201cLos despliegues geoestrat\u00e9gicos de la militarizaci\u00f3n estadounidense en el sistema mundial: transformaciones territoriales y producci\u00f3n estrat\u00e9gica del espacio de la posguerra al siglo XXI\u201d en <em>Tlalli. Revista de investigaci\u00f3n en geograf\u00eda, <\/em>Facultad de Filosof\u00eda y Letras, UNAM, N\u00famero 4, diciembre 2020, pp. 8-28 DOI: <a href=\"https:\/\/doi.org\/10.22201\/ffyl.26832275e.2020.4.1372\">https:\/\/doi.org\/10.22201\/ffyl.26832275e.2020.4.1372<\/a><strong><\/strong><\/li>\n<\/ul>\n\n\n\n<p><em>Cap\u00edtulos en libros<\/em><\/p>\n\n\n\n<ul class=\"wp-block-list\">\n<li>Rico Becerra, Cesari Irwing, \u201cEspacios comunes, poder infraestructural y espacio cibern\u00e9tico: el nuevo sost\u00e9n rizom\u00e1tico de la hegemon\u00eda mundial en el siglo XXI\u201d en Herrera Santana, David (coord.), <em>Geopol\u00edtica. Espacio, poder y resistencias en el siglo XXI. <\/em>Trama, UNAM, M\u00e9xico-Espa\u00f1a, 2020, pp. 161-176 ISBN: 978-607-30-3390-9<\/li>\n\n\n\n<li>Rico Becerra Cesari Irwing, \u201cDe la sociedad del riesgo a la era de la cat\u00e1strofe: la crisis sist\u00e9mica contempor\u00e1nea a la luz de la pandemia del SARS-COV2\u201d en Antal Fodroczy, Edit y L\u00e9rtora Mendoza, Celina (coord.) <em>Manejo cient\u00edfico-pol\u00edtico de situaciones de alto riesgo. <\/em>Red de Pol\u00edtica Cient\u00edfica desde Latinoam\u00e9rica, Ediciones FEPAI, Buenos Aires, 2020, pp. 141-156, ISBN: 978-987-4483-22-5<\/li>\n\n\n\n<li>Rico Becerra, Cesari Irwing; \u201cLa nueva geograf\u00eda de la militarizaci\u00f3n mundial a partir del 9-11: Estados Unidos y la Dominaci\u00f3n de Espectro Completo\u201d en G\u00f3mez Rey, P. y Gonz\u00e1lez Luna, F. (coord.) <em>Poder y desarrollo: Tensiones en la Geograf\u00eda<\/em>. Ediciones Eon, UNAM, M\u00e9xico, 2019. ISBN: 978-607-8559-90-9<\/li>\n\n\n\n<li>Rico Becerra, Cesari Irwing; \u201cRedes de acci\u00f3n local en Am\u00e9rica Latina frente a la conflictividad socioambiental: nuevas territorialidades y luchas en defensa de lo com\u00fan\u201d en Cebri\u00e1n Abell\u00e1n, F.; Jover Mart\u00ed, F.J.; Lois Gonz\u00e1lez, C. <em>Am\u00e9rica Latina en las \u00faltimas d\u00e9cadas. Procesos y retos<\/em>. Ediciones de la Universidad de Castilla-La Mancha, Madrid, 2018, ISBN: 978-84-9044-333-0<\/li>\n\n\n\n<li>Rico Becerra, Cesari Irwing; \u201cNuevas espacialidades de la hegemon\u00eda estadounidense: militarizaci\u00f3n, dominaci\u00f3n y violencia sobre la regi\u00f3n de Asia Pac\u00edfico\u201d en Herrera Santana, David; Gonz\u00e1lez Luna, Fabi\u00e1n y Saracho L\u00f3pez, Federico (coord.); <em>Espacios de la dominaci\u00f3n. Debates sobre la espacializaci\u00f3n de las relaciones de poder. <\/em>Ediciones Mons\u00edlabo, FFyL, UNAM, M\u00e9xico, 2018, pp. 117-138, ISBN: 978-607-30-0721-4<\/li>\n\n\n\n<li>Rico Becerra, Cesari Irwing; \u201cEl despliegue militar de Estados Unidos y su&nbsp;rearticulaci\u00f3n actual&nbsp;\u00bfen busca de la seguridad internacional o la dominaci\u00f3n global?\u201d, en Hern\u00e1ndez-Vela Salgado, Edmundo (edit.) y Zavaleta Hern\u00e1ndez, Sandra Kanety (coord.); <em>Paz y Seguridad y Desarrollo. Tomo VIII. <\/em>Ed. Del Lirio, UNAM, M\u00e9xico, 2018, pp. 51-72: ISBN: 978-607-30-8214-1<\/li>\n\n\n\n<li>Rico Becerra, Cesari Irwing; \u201cLa militarizaci\u00f3n estadounidense en Asia Pac\u00edfico como sustento de la hegemon\u00eda global\u201d, en Hern\u00e1ndez-Vela Salgado, Edmundo (edit.) y Zavaleta Hern\u00e1ndez, Sandra Kanety (coord.); <em>Pol\u00edtica Internacional. Temas de an\u00e1lisis 4. <\/em>Ed. Del Lirio, UNAM, M\u00e9xico, 2017, pp. 95-117, ISBN: 978-607-8569-09-0<\/li>\n\n\n\n<li>Rico Becerra, Cesari Irwing; \u201cLa educaci\u00f3n neoliberal en M\u00e9xico como <em>correa de transmisi\u00f3n <\/em>del sistema capitalista global\u201d, en Hern\u00e1ndez-Vela Salgado, Edmundo (edit.) y Zavaleta Hern\u00e1ndez, Sandra Kanety (coord.); <em>Pol\u00edtica Internacional. Temas de an\u00e1lisis 5. <\/em>Ed. Del Lirio, UNAM, M\u00e9xico, 2017, pp. 191-206, ISBN: 978-607-8569-II-3<\/li>\n\n\n\n<li>Rico Becerra, Cesari Irwing; \u201cLa incertidumbre de nuestra \u00e9poca: algunas reflexiones sobre la crisis y la hegemon\u00eda en la encrucijada global\u201d, en Hern\u00e1ndez-Vela Salgado, Edmundo (edit.) y Zavaleta Hern\u00e1ndez, Sandra Kanety (coord.); <em>Paz y Seguridad y Desarrollo. Tomo VII. <\/em>Ed. Del Lirio, UNAM, M\u00e9xico, 2016, pp. 15-32, ISBN: 978-607-02-8142-6<\/li>\n<\/ul>\n\n\n\n<p><\/p>\n\n\n\n<p class=\"has-ast-global-color-2-color has-text-color\"><strong>Proyectos de investigaci\u00f3n<\/strong><\/p>\n\n\n\n<ul class=\"wp-block-list\">\n<li>Miembro del Seminario de Estudios Cr\u00edticos en Geopol\u00edtica, FFyL, UNAM<\/li>\n\n\n\n<li>Participante en el Proyecto PAPIIT IN-308621 \u201cResonancias de la militarizaci\u00f3n en la seguridad humana del siglo XXI\u201d, FCPyS, UNAM<\/li>\n<\/ul>\n","protected":false},"excerpt":{"rendered":"<p>Estudios Informaci\u00f3n de contacto irwing.rico@politicas.unam.mx L\u00edneas de investigaci\u00f3n Cursos impartidos Publicaciones Autor\u00eda y coautor\u00eda Art\u00edculos en revistas Cap\u00edtulos en libros Proyectos de investigaci\u00f3n<\/p>\n","protected":false},"author":1,"featured_media":0,"parent":0,"menu_order":0,"comment_status":"closed","ping_status":"closed","template":"","meta":{"_monsterinsights_skip_tracking":false,"_monsterinsights_sitenote_active":false,"_monsterinsights_sitenote_note":"","_monsterinsights_sitenote_category":0,"site-sidebar-layout":"default","site-content-layout":"default","ast-site-content-layout":"default","site-content-style":"default","site-sidebar-style":"default","ast-global-header-display":"","ast-banner-title-visibility":"","ast-main-header-display":"","ast-hfb-above-header-display":"","ast-hfb-below-header-display":"","ast-hfb-mobile-header-display":"","site-post-title":"","ast-breadcrumbs-content":"","ast-featured-img":"","footer-sml-layout":"","theme-transparent-header-meta":"default","adv-header-id-meta":"","stick-header-meta":"","header-above-stick-meta":"","header-main-stick-meta":"","header-below-stick-meta":"","astra-migrate-meta-layouts":"default","ast-page-background-enabled":"default","ast-page-background-meta":{"desktop":{"background-color":"","background-image":"","background-repeat":"repeat","background-position":"center center","background-size":"auto","background-attachment":"scroll","background-type":"","background-media":"","overlay-type":"","overlay-color":"","overlay-opacity":"","overlay-gradient":""},"tablet":{"background-color":"","background-image":"","background-repeat":"repeat","background-position":"center center","background-size":"auto","background-attachment":"scroll","background-type":"","background-media":"","overlay-type":"","overlay-color":"","overlay-opacity":"","overlay-gradient":""},"mobile":{"background-color":"","background-image":"","background-repeat":"repeat","background-position":"center center","background-size":"auto","background-attachment":"scroll","background-type":"","background-media":"","overlay-type":"","overlay-color":"","overlay-opacity":"","overlay-gradient":""}},"ast-content-background-meta":{"desktop":{"background-color":"var(--ast-global-color-5)","background-image":"","background-repeat":"repeat","background-position":"center center","background-size":"auto","background-attachment":"scroll","background-type":"","background-media":"","overlay-type":"","overlay-color":"","overlay-opacity":"","overlay-gradient":""},"tablet":{"background-color":"var(--ast-global-color-5)","background-image":"","background-repeat":"repeat","background-position":"center center","background-size":"auto","background-attachment":"scroll","background-type":"","background-media":"","overlay-type":"","overlay-color":"","overlay-opacity":"","overlay-gradient":""},"mobile":{"background-color":"var(--ast-global-color-5)","background-image":"","background-repeat":"repeat","background-position":"center center","background-size":"auto","background-attachment":"scroll","background-type":"","background-media":"","overlay-type":"","overlay-color":"","overlay-opacity":"","overlay-gradient":""}},"footnotes":""},"class_list":["post-1758","page","type-page","status-publish","hentry"],"_links":{"self":[{"href":"https:\/\/estudioscriticosgeopolitica.net\/index.php?rest_route=\/wp\/v2\/pages\/1758","targetHints":{"allow":["GET"]}}],"collection":[{"href":"https:\/\/estudioscriticosgeopolitica.net\/index.php?rest_route=\/wp\/v2\/pages"}],"about":[{"href":"https:\/\/estudioscriticosgeopolitica.net\/index.php?rest_route=\/wp\/v2\/types\/page"}],"author":[{"embeddable":true,"href":"https:\/\/estudioscriticosgeopolitica.net\/index.php?rest_route=\/wp\/v2\/users\/1"}],"replies":[{"embeddable":true,"href":"https:\/\/estudioscriticosgeopolitica.net\/index.php?rest_route=%2Fwp%2Fv2%2Fcomments&post=1758"}],"version-history":[{"count":4,"href":"https:\/\/estudioscriticosgeopolitica.net\/index.php?rest_route=\/wp\/v2\/pages\/1758\/revisions"}],"predecessor-version":[{"id":1984,"href":"https:\/\/estudioscriticosgeopolitica.net\/index.php?rest_route=\/wp\/v2\/pages\/1758\/revisions\/1984"}],"wp:attachment":[{"href":"https:\/\/estudioscriticosgeopolitica.net\/index.php?rest_route=%2Fwp%2Fv2%2Fmedia&parent=1758"}],"curies":[{"name":"wp","href":"https:\/\/api.w.org\/{rel}","templated":true}]}}