{"id":1973,"date":"2023-09-30T16:35:28","date_gmt":"2023-09-30T22:35:28","guid":{"rendered":"https:\/\/estudioscriticosgeopolitica.net\/?page_id=1973"},"modified":"2023-09-30T16:42:14","modified_gmt":"2023-09-30T22:42:14","slug":"natalia-isabel-gil-grandett","status":"publish","type":"page","link":"https:\/\/estudioscriticosgeopolitica.net\/?page_id=1973","title":{"rendered":"Natalia Isabel Gil Grandett"},"content":{"rendered":"\n<figure class=\"wp-block-image size-large is-resized\"><img loading=\"lazy\" decoding=\"async\" src=\"https:\/\/estudioscriticosgeopolitica.net\/wp-content\/uploads\/2023\/09\/Foto-presentacion-1024x831.jpg\" alt=\"\" class=\"wp-image-1974\" style=\"width:269px;height:218px\" width=\"269\" height=\"218\" srcset=\"https:\/\/estudioscriticosgeopolitica.net\/wp-content\/uploads\/2023\/09\/Foto-presentacion-1024x831.jpg 1024w, https:\/\/estudioscriticosgeopolitica.net\/wp-content\/uploads\/2023\/09\/Foto-presentacion-300x244.jpg 300w, https:\/\/estudioscriticosgeopolitica.net\/wp-content\/uploads\/2023\/09\/Foto-presentacion-768x623.jpg 768w, https:\/\/estudioscriticosgeopolitica.net\/wp-content\/uploads\/2023\/09\/Foto-presentacion-1536x1247.jpg 1536w, https:\/\/estudioscriticosgeopolitica.net\/wp-content\/uploads\/2023\/09\/Foto-presentacion-2048x1663.jpg 2048w\" sizes=\"auto, (max-width: 269px) 100vw, 269px\" \/><\/figure>\n\n\n\n<p class=\"has-ast-global-color-2-color has-text-color\"><strong>Estudios<\/strong> <\/p>\n\n\n\n<p>Licenciada en Ciencias Sociales por la Universidad Pedag\u00f3gica Nacional de Colombia <\/p>\n\n\n\n<p>Maestra en Geograf\u00eda por la Universidad Pedag\u00f3gica y Tecnol\u00f3gica de Colombia y el Instituto Geogr\u00e1fico Agust\u00edn Codazzi <\/p>\n\n\n\n<p> Estudiante del doctorado en Geograf\u00eda de la Universidad Nacional Aut\u00f3noma de M\u00e9xico. <\/p>\n\n\n\n<p><\/p>\n\n\n\n<p class=\"has-ast-global-color-2-color has-text-color\"><strong>Contacto<\/strong><\/p>\n\n\n\n<p>&nbsp;<a href=\"mailto:isabelgrandett91@gmail.com\">isabelgrandett91@gmail.com<\/a><\/p>\n\n\n\n<p><\/p>\n\n\n\n<p class=\"has-ast-global-color-2-color has-text-color\"><strong>L\u00edneas de investigaci\u00f3n<\/strong><\/p>\n\n\n\n<p>Geograf\u00eda urbana, <\/p>\n\n\n\n<p>Geograf\u00eda social y el campo de estudios de la memoria<\/p>\n\n\n\n<p><\/p>\n\n\n\n<p class=\"has-ast-global-color-2-color has-text-color\"><strong>Publicaciones<\/strong><\/p>\n\n\n\n<ul class=\"wp-block-list\">\n<li>Cota D\u00edaz,  Elsa Cecilia; Gil Grandett, Natalia Isabel; Hern\u00e1ndez Quintana, H\u00e9ctor No\u00e9; Losano, Selene Noem\u00ed. (2023). &#8220;Entre recorrer y observar las problem\u00e1ticas de la ciudad neoliberal. Caminando las colonias Escand\u00f3n y Condesa&#8221; en <em>Red de Investigadores de Ciudad, Espacio p\u00fablico y derechos urbanos<\/em>, Instituto de Investigaciones de Sociales, Universidad Nacional Aut\u00f3noma de M\u00e9xico.<\/li>\n<\/ul>\n\n\n\n<ul class=\"wp-block-list\">\n<li>Gil Grandett, Natalia Isabel y G\u00f3mez Yola Jos\u00e9 Isidro. (2019) &#8220;La cartograf\u00eda participativa como herramienta para la acci\u00f3n pol\u00edtica, dos&nbsp;estudios&nbsp;de caso en espacios rurales y urbanos en Colombia&#8221; en <em>Revista Cardinales ,<\/em> de la Facultad de Filosof\u00eda y Humanidades de la Universidad de C\u00f3rdoba.<\/li>\n<\/ul>\n\n\n\n<ul class=\"wp-block-list\">\n<li>Gil Grandett, Natalia Isabel. (2018). &#8220;Geograf\u00eda de la memoria: Narrativas locales en la consolidaci\u00f3n urbana de la localidad de Kennedy (Bogot\u00e1\u0301-Colombia)&#8221; en <em>Revista PLANEO<\/em> , Instituto de estudios urbanos y territoriales de la Pontificia Universidad Cat\u00f3lica de Chile.<\/li>\n<\/ul>\n","protected":false},"excerpt":{"rendered":"<p>Estudios Licenciada en Ciencias Sociales por la Universidad Pedag\u00f3gica Nacional de Colombia Maestra en Geograf\u00eda por la Universidad Pedag\u00f3gica y Tecnol\u00f3gica de Colombia y el Instituto Geogr\u00e1fico Agust\u00edn Codazzi Estudiante del doctorado en Geograf\u00eda de la Universidad Nacional Aut\u00f3noma de M\u00e9xico. Contacto &nbsp;isabelgrandett91@gmail.com L\u00edneas de investigaci\u00f3n Geograf\u00eda urbana, Geograf\u00eda social y el campo de estudios [&hellip;]<\/p>\n","protected":false},"author":1,"featured_media":0,"parent":0,"menu_order":0,"comment_status":"closed","ping_status":"closed","template":"","meta":{"_monsterinsights_skip_tracking":false,"_monsterinsights_sitenote_active":false,"_monsterinsights_sitenote_note":"","_monsterinsights_sitenote_category":0,"site-sidebar-layout":"default","site-content-layout":"default","ast-site-content-layout":"default","site-content-style":"default","site-sidebar-style":"default","ast-global-header-display":"","ast-banner-title-visibility":"","ast-main-header-display":"","ast-hfb-above-header-display":"","ast-hfb-below-header-display":"","ast-hfb-mobile-header-display":"","site-post-title":"","ast-breadcrumbs-content":"","ast-featured-img":"","footer-sml-layout":"","theme-transparent-header-meta":"default","adv-header-id-meta":"","stick-header-meta":"","header-above-stick-meta":"","header-main-stick-meta":"","header-below-stick-meta":"","astra-migrate-meta-layouts":"default","ast-page-background-enabled":"default","ast-page-background-meta":{"desktop":{"background-color":"","background-image":"","background-repeat":"repeat","background-position":"center center","background-size":"auto","background-attachment":"scroll","background-type":"","background-media":"","overlay-type":"","overlay-color":"","overlay-opacity":"","overlay-gradient":""},"tablet":{"background-color":"","background-image":"","background-repeat":"repeat","background-position":"center center","background-size":"auto","background-attachment":"scroll","background-type":"","background-media":"","overlay-type":"","overlay-color":"","overlay-opacity":"","overlay-gradient":""},"mobile":{"background-color":"","background-image":"","background-repeat":"repeat","background-position":"center center","background-size":"auto","background-attachment":"scroll","background-type":"","background-media":"","overlay-type":"","overlay-color":"","overlay-opacity":"","overlay-gradient":""}},"ast-content-background-meta":{"desktop":{"background-color":"var(--ast-global-color-5)","background-image":"","background-repeat":"repeat","background-position":"center center","background-size":"auto","background-attachment":"scroll","background-type":"","background-media":"","overlay-type":"","overlay-color":"","overlay-opacity":"","overlay-gradient":""},"tablet":{"background-color":"var(--ast-global-color-5)","background-image":"","background-repeat":"repeat","background-position":"center center","background-size":"auto","background-attachment":"scroll","background-type":"","background-media":"","overlay-type":"","overlay-color":"","overlay-opacity":"","overlay-gradient":""},"mobile":{"background-color":"var(--ast-global-color-5)","background-image":"","background-repeat":"repeat","background-position":"center center","background-size":"auto","background-attachment":"scroll","background-type":"","background-media":"","overlay-type":"","overlay-color":"","overlay-opacity":"","overlay-gradient":""}},"footnotes":""},"class_list":["post-1973","page","type-page","status-publish","hentry"],"_links":{"self":[{"href":"https:\/\/estudioscriticosgeopolitica.net\/index.php?rest_route=\/wp\/v2\/pages\/1973","targetHints":{"allow":["GET"]}}],"collection":[{"href":"https:\/\/estudioscriticosgeopolitica.net\/index.php?rest_route=\/wp\/v2\/pages"}],"about":[{"href":"https:\/\/estudioscriticosgeopolitica.net\/index.php?rest_route=\/wp\/v2\/types\/page"}],"author":[{"embeddable":true,"href":"https:\/\/estudioscriticosgeopolitica.net\/index.php?rest_route=\/wp\/v2\/users\/1"}],"replies":[{"embeddable":true,"href":"https:\/\/estudioscriticosgeopolitica.net\/index.php?rest_route=%2Fwp%2Fv2%2Fcomments&post=1973"}],"version-history":[{"count":2,"href":"https:\/\/estudioscriticosgeopolitica.net\/index.php?rest_route=\/wp\/v2\/pages\/1973\/revisions"}],"predecessor-version":[{"id":1979,"href":"https:\/\/estudioscriticosgeopolitica.net\/index.php?rest_route=\/wp\/v2\/pages\/1973\/revisions\/1979"}],"wp:attachment":[{"href":"https:\/\/estudioscriticosgeopolitica.net\/index.php?rest_route=%2Fwp%2Fv2%2Fmedia&parent=1973"}],"curies":[{"name":"wp","href":"https:\/\/api.w.org\/{rel}","templated":true}]}}