{"id":2102,"date":"2025-09-26T13:29:57","date_gmt":"2025-09-26T19:29:57","guid":{"rendered":"https:\/\/estudioscriticosgeopolitica.net\/?page_id=2102"},"modified":"2025-09-26T15:38:48","modified_gmt":"2025-09-26T21:38:48","slug":"hegemonia-poder-y-crisis-bifurcacion-espacialidad-estrategica-ygrandes-transformaciones-globales-en-el-siglo-xxi","status":"publish","type":"page","link":"https:\/\/estudioscriticosgeopolitica.net\/?page_id=2102","title":{"rendered":"Espacios negativos. Praxis y antipraxis"},"content":{"rendered":"\n<div class=\"_df_book df-lite\" id=\"df_2157\"  _slug=\"espacios-negativos-praxis-y-antipraxis\" data-title=\"espacios-negativos-praxis-y-antipraxis\" wpoptions=\"true\" thumb=\"http:\/\/estudioscriticosgeopolitica.net\/wp-content\/uploads\/2021\/10\/978607868334.gif\" thumbtype=\"\" ><\/div><script class=\"df-shortcode-script\" nowprocket type=\"application\/javascript\">window.option_df_2157 = {\"outline\":[],\"autoEnableOutline\":\"false\",\"autoEnableThumbnail\":\"false\",\"overwritePDFOutline\":\"false\",\"enableDownload\":\"false\",\"direction\":\"1\",\"pageSize\":\"0\",\"source\":\"http:\\\/\\\/estudioscriticosgeopolitica.net\\\/wp-content\\\/uploads\\\/2025\\\/09\\\/2020-ESPACIOS_NEGATIVOS.pdf\",\"wpOptions\":\"true\"}; if(window.DFLIP && window.DFLIP.parseBooks){window.DFLIP.parseBooks();}<\/script>\n\n\n\n<p class=\"has-text-align-center\">Los&nbsp;<em>espacios negativos<\/em>, a los que hacemos referencia en esta obra, son parte de una reflexi\u00f3n te\u00f3rica que responde a un momento de emergencia que nos obliga a pensar la crisis radical en la que nos encontramos y las formas en c\u00f3mo podemos plantearnos la superaci\u00f3n de esta etapa que parece sostener una verdad: \u00bfseremos incapaces de trascender las formas represivas y destructivas que se han configurado como una realidad y un espacio social unidimensionales que nos determinan? Frente a ello, presentamos esta propuesta sobre la producci\u00f3n de espacialidades hist\u00f3rico-concretas capaces de generar un cortocircuito en la realidad, de subvertir y desestructurar las l\u00f3gicas y las&nbsp;<em>praxis<\/em>&nbsp;dominantes, por medio de imponer proyectos y formas sociales cuyo contenido niegue la posibilidad de reproducci\u00f3n de aquellas. Pensar el espacio negativo tiene diversos prop\u00f3sitos: aportar a la reflexi\u00f3n nuevas aristas conceptuales para enriquecer el ejercicio del pensamiento cr\u00edtico; generar las herramientas para nombrar&nbsp;<em>lo&nbsp;\u00ab<\/em>no nombrado<em>\u00bb<\/em>; y pensar las contradicciones que nos llevan a aceptar que para reconocer lo com\u00fan, hay que hablar en com\u00fan.<\/p>\n\n\n\n<p><\/p>\n","protected":false},"excerpt":{"rendered":"<p>Los&nbsp;espacios negativos, a los que hacemos referencia en esta obra, son parte de una reflexi\u00f3n te\u00f3rica que responde a un momento de emergencia que nos obliga a pensar la crisis radical en la que nos encontramos y las formas en c\u00f3mo podemos plantearnos la superaci\u00f3n de esta etapa que parece sostener una verdad: \u00bfseremos incapaces [&hellip;]<\/p>\n","protected":false},"author":1,"featured_media":0,"parent":0,"menu_order":0,"comment_status":"closed","ping_status":"closed","template":"","meta":{"_monsterinsights_skip_tracking":false,"_monsterinsights_sitenote_active":false,"_monsterinsights_sitenote_note":"","_monsterinsights_sitenote_category":0,"site-sidebar-layout":"default","site-content-layout":"","ast-site-content-layout":"default","site-content-style":"default","site-sidebar-style":"default","ast-global-header-display":"","ast-banner-title-visibility":"","ast-main-header-display":"","ast-hfb-above-header-display":"","ast-hfb-below-header-display":"","ast-hfb-mobile-header-display":"","site-post-title":"","ast-breadcrumbs-content":"","ast-featured-img":"","footer-sml-layout":"","theme-transparent-header-meta":"","adv-header-id-meta":"","stick-header-meta":"","header-above-stick-meta":"","header-main-stick-meta":"","header-below-stick-meta":"","astra-migrate-meta-layouts":"set","ast-page-background-enabled":"default","ast-page-background-meta":{"desktop":{"background-color":"","background-image":"","background-repeat":"repeat","background-position":"center center","background-size":"auto","background-attachment":"scroll","background-type":"","background-media":"","overlay-type":"","overlay-color":"","overlay-opacity":"","overlay-gradient":""},"tablet":{"background-color":"","background-image":"","background-repeat":"repeat","background-position":"center center","background-size":"auto","background-attachment":"scroll","background-type":"","background-media":"","overlay-type":"","overlay-color":"","overlay-opacity":"","overlay-gradient":""},"mobile":{"background-color":"","background-image":"","background-repeat":"repeat","background-position":"center center","background-size":"auto","background-attachment":"scroll","background-type":"","background-media":"","overlay-type":"","overlay-color":"","overlay-opacity":"","overlay-gradient":""}},"ast-content-background-meta":{"desktop":{"background-color":"var(--ast-global-color-5)","background-image":"","background-repeat":"repeat","background-position":"center center","background-size":"auto","background-attachment":"scroll","background-type":"","background-media":"","overlay-type":"","overlay-color":"","overlay-opacity":"","overlay-gradient":""},"tablet":{"background-color":"var(--ast-global-color-5)","background-image":"","background-repeat":"repeat","background-position":"center center","background-size":"auto","background-attachment":"scroll","background-type":"","background-media":"","overlay-type":"","overlay-color":"","overlay-opacity":"","overlay-gradient":""},"mobile":{"background-color":"var(--ast-global-color-5)","background-image":"","background-repeat":"repeat","background-position":"center center","background-size":"auto","background-attachment":"scroll","background-type":"","background-media":"","overlay-type":"","overlay-color":"","overlay-opacity":"","overlay-gradient":""}},"footnotes":""},"class_list":["post-2102","page","type-page","status-publish","hentry"],"_links":{"self":[{"href":"https:\/\/estudioscriticosgeopolitica.net\/index.php?rest_route=\/wp\/v2\/pages\/2102","targetHints":{"allow":["GET"]}}],"collection":[{"href":"https:\/\/estudioscriticosgeopolitica.net\/index.php?rest_route=\/wp\/v2\/pages"}],"about":[{"href":"https:\/\/estudioscriticosgeopolitica.net\/index.php?rest_route=\/wp\/v2\/types\/page"}],"author":[{"embeddable":true,"href":"https:\/\/estudioscriticosgeopolitica.net\/index.php?rest_route=\/wp\/v2\/users\/1"}],"replies":[{"embeddable":true,"href":"https:\/\/estudioscriticosgeopolitica.net\/index.php?rest_route=%2Fwp%2Fv2%2Fcomments&post=2102"}],"version-history":[{"count":6,"href":"https:\/\/estudioscriticosgeopolitica.net\/index.php?rest_route=\/wp\/v2\/pages\/2102\/revisions"}],"predecessor-version":[{"id":2159,"href":"https:\/\/estudioscriticosgeopolitica.net\/index.php?rest_route=\/wp\/v2\/pages\/2102\/revisions\/2159"}],"wp:attachment":[{"href":"https:\/\/estudioscriticosgeopolitica.net\/index.php?rest_route=%2Fwp%2Fv2%2Fmedia&parent=2102"}],"curies":[{"name":"wp","href":"https:\/\/api.w.org\/{rel}","templated":true}]}}