{"id":2136,"date":"2025-09-26T14:15:45","date_gmt":"2025-09-26T20:15:45","guid":{"rendered":"https:\/\/estudioscriticosgeopolitica.net\/?page_id=2136"},"modified":"2025-09-26T14:15:51","modified_gmt":"2025-09-26T20:15:51","slug":"el-siglo-del-americanismo-una-interpretacion-historica-y-geoestrategica-de-la-hegemonia-de-los-e-u","status":"publish","type":"page","link":"https:\/\/estudioscriticosgeopolitica.net\/?page_id=2136","title":{"rendered":"El siglo del americanismo. Una interpretaci\u00f3n hist\u00f3rica y geoestrat\u00e9gica de la hegemon\u00eda de los E. U."},"content":{"rendered":"\n<div class=\"_df_book df-lite\" id=\"df_2133\"  _slug=\"el-siglo-del-americanismo-una-interpretacion-historica-y-geoestrategica-de-la-hegemonia-de-los-e-u\" data-title=\"el-siglo-del-americanismo-una-interpretacion-historica-y-geoestrategica-de-la-hegemonia-de-los-e-u\" wpoptions=\"true\" thumb=\"http:\/\/estudioscriticosgeopolitica.net\/wp-content\/uploads\/2021\/10\/cover-51368-236x369-2.jpg\" thumbtype=\"\" ><\/div><script class=\"df-shortcode-script\" nowprocket type=\"application\/javascript\">window.option_df_2133 = {\"outline\":[],\"autoEnableOutline\":\"false\",\"autoEnableThumbnail\":\"false\",\"overwritePDFOutline\":\"false\",\"enableDownload\":\"false\",\"direction\":\"1\",\"pageSize\":\"0\",\"source\":\"http:\\\/\\\/estudioscriticosgeopolitica.net\\\/wp-content\\\/uploads\\\/2025\\\/09\\\/2020-El-Siglo-del-Americanismo.pdf\",\"wpOptions\":\"true\"}; if(window.DFLIP && window.DFLIP.parseBooks){window.DFLIP.parseBooks();}<\/script>\n\n\n\n<p>El actuar de Estados Unidos en el mundo no puede ser comprendido si no es a partir de ciertas determinaciones hist\u00f3ricas que nos orillan a sumergirnos en una intrincada forma de desarrollo en la cual la mercabilidad, la racionalidad econ\u00f3mica y las jerarquizaciones por clase, raza y g\u00e9nero siempre han estado presentes, conviviendo desde muy temprano con formaciones corporativas y empresarialistas que hicieron de la democracia una forma de gobierno elitista y excluyente, de la rep\u00fablica una construcci\u00f3n pol\u00edtica al servicio de los negocios y los grandes intereses de las clases dominantes, y de la pol\u00edtica un instrumento de control, administraci\u00f3n y regulaci\u00f3n de la vida de acuerdo con los patrones impuestos por la vigencia de una forma civilizatoria capitalista radical. El expansionismo territorial del siglo XIX y luego el desbordamiento por todo el mundo durante el XX, expandieron tambi\u00e9n estas formas socio-pol\u00edticas y culturales hasta transformarlas en sentidos comunes bastante consolidados y enquistados en diversas socialidades, especialmente a partir del reajuste neoliberal de la d\u00e9cada de 1970. Este libro parte del concepto de Americanismo, acu\u00f1ado por Antonio Gramsci en la d\u00e9cada de 1930 del siglo pasado, para elaborar una interpretaci\u00f3n hist\u00f3rica y geoestrat\u00e9gica de la hegemon\u00eda estadounidense en escala mundial, en un an\u00e1lisis que comienza con la formaci\u00f3n hist\u00f3rica de Estados Unidos y la socialidad que se produce en los territorios norteamericanos, y llega hasta el momento actual de aguda competencia intercapitalista.<\/p>\n","protected":false},"excerpt":{"rendered":"<p>El actuar de Estados Unidos en el mundo no puede ser comprendido si no es a partir de ciertas determinaciones hist\u00f3ricas que nos orillan a sumergirnos en una intrincada forma de desarrollo en la cual la mercabilidad, la racionalidad econ\u00f3mica y las jerarquizaciones por clase, raza y g\u00e9nero siempre han estado presentes, conviviendo desde muy [&hellip;]<\/p>\n","protected":false},"author":1,"featured_media":0,"parent":0,"menu_order":0,"comment_status":"closed","ping_status":"closed","template":"","meta":{"_monsterinsights_skip_tracking":false,"_monsterinsights_sitenote_active":false,"_monsterinsights_sitenote_note":"","_monsterinsights_sitenote_category":0,"site-sidebar-layout":"default","site-content-layout":"","ast-site-content-layout":"default","site-content-style":"default","site-sidebar-style":"default","ast-global-header-display":"","ast-banner-title-visibility":"","ast-main-header-display":"","ast-hfb-above-header-display":"","ast-hfb-below-header-display":"","ast-hfb-mobile-header-display":"","site-post-title":"","ast-breadcrumbs-content":"","ast-featured-img":"","footer-sml-layout":"","theme-transparent-header-meta":"","adv-header-id-meta":"","stick-header-meta":"","header-above-stick-meta":"","header-main-stick-meta":"","header-below-stick-meta":"","astra-migrate-meta-layouts":"set","ast-page-background-enabled":"default","ast-page-background-meta":{"desktop":{"background-color":"","background-image":"","background-repeat":"repeat","background-position":"center center","background-size":"auto","background-attachment":"scroll","background-type":"","background-media":"","overlay-type":"","overlay-color":"","overlay-opacity":"","overlay-gradient":""},"tablet":{"background-color":"","background-image":"","background-repeat":"repeat","background-position":"center center","background-size":"auto","background-attachment":"scroll","background-type":"","background-media":"","overlay-type":"","overlay-color":"","overlay-opacity":"","overlay-gradient":""},"mobile":{"background-color":"","background-image":"","background-repeat":"repeat","background-position":"center center","background-size":"auto","background-attachment":"scroll","background-type":"","background-media":"","overlay-type":"","overlay-color":"","overlay-opacity":"","overlay-gradient":""}},"ast-content-background-meta":{"desktop":{"background-color":"var(--ast-global-color-5)","background-image":"","background-repeat":"repeat","background-position":"center center","background-size":"auto","background-attachment":"scroll","background-type":"","background-media":"","overlay-type":"","overlay-color":"","overlay-opacity":"","overlay-gradient":""},"tablet":{"background-color":"var(--ast-global-color-5)","background-image":"","background-repeat":"repeat","background-position":"center center","background-size":"auto","background-attachment":"scroll","background-type":"","background-media":"","overlay-type":"","overlay-color":"","overlay-opacity":"","overlay-gradient":""},"mobile":{"background-color":"var(--ast-global-color-5)","background-image":"","background-repeat":"repeat","background-position":"center center","background-size":"auto","background-attachment":"scroll","background-type":"","background-media":"","overlay-type":"","overlay-color":"","overlay-opacity":"","overlay-gradient":""}},"footnotes":""},"class_list":["post-2136","page","type-page","status-publish","hentry"],"_links":{"self":[{"href":"https:\/\/estudioscriticosgeopolitica.net\/index.php?rest_route=\/wp\/v2\/pages\/2136","targetHints":{"allow":["GET"]}}],"collection":[{"href":"https:\/\/estudioscriticosgeopolitica.net\/index.php?rest_route=\/wp\/v2\/pages"}],"about":[{"href":"https:\/\/estudioscriticosgeopolitica.net\/index.php?rest_route=\/wp\/v2\/types\/page"}],"author":[{"embeddable":true,"href":"https:\/\/estudioscriticosgeopolitica.net\/index.php?rest_route=\/wp\/v2\/users\/1"}],"replies":[{"embeddable":true,"href":"https:\/\/estudioscriticosgeopolitica.net\/index.php?rest_route=%2Fwp%2Fv2%2Fcomments&post=2136"}],"version-history":[{"count":1,"href":"https:\/\/estudioscriticosgeopolitica.net\/index.php?rest_route=\/wp\/v2\/pages\/2136\/revisions"}],"predecessor-version":[{"id":2137,"href":"https:\/\/estudioscriticosgeopolitica.net\/index.php?rest_route=\/wp\/v2\/pages\/2136\/revisions\/2137"}],"wp:attachment":[{"href":"https:\/\/estudioscriticosgeopolitica.net\/index.php?rest_route=%2Fwp%2Fv2%2Fmedia&parent=2136"}],"curies":[{"name":"wp","href":"https:\/\/api.w.org\/{rel}","templated":true}]}}