{"id":9,"date":"2021-06-18T12:42:49","date_gmt":"2021-06-18T12:42:49","guid":{"rendered":"http:\/\/estudioscriticosgeopolitica.net\/?page_id=9"},"modified":"2024-03-13T11:16:17","modified_gmt":"2024-03-13T17:16:17","slug":"home","status":"publish","type":"page","link":"https:\/\/estudioscriticosgeopolitica.net\/","title":{"rendered":"Inicio"},"content":{"rendered":"\n<div class=\"wp-block-cover alignfull is-light wp-duotone-333-ccc-1\" style=\"min-height:283px;aspect-ratio:unset;\"><span aria-hidden=\"true\" class=\"wp-block-cover__background has-ast-global-color-7-background-color has-background-dim\"><\/span><img loading=\"lazy\" decoding=\"async\" width=\"1024\" height=\"1024\" class=\"wp-block-cover__image-background wp-image-1477\" alt=\"\" src=\"https:\/\/estudioscriticosgeopolitica.net\/wp-content\/uploads\/2021\/10\/6abril2016-1.png\" data-object-fit=\"cover\" srcset=\"https:\/\/estudioscriticosgeopolitica.net\/wp-content\/uploads\/2021\/10\/6abril2016-1.png 1024w, https:\/\/estudioscriticosgeopolitica.net\/wp-content\/uploads\/2021\/10\/6abril2016-1-300x300.png 300w, https:\/\/estudioscriticosgeopolitica.net\/wp-content\/uploads\/2021\/10\/6abril2016-1-150x150.png 150w, https:\/\/estudioscriticosgeopolitica.net\/wp-content\/uploads\/2021\/10\/6abril2016-1-768x768.png 768w\" sizes=\"auto, (max-width: 1024px) 100vw, 1024px\" \/><div class=\"wp-block-cover__inner-container is-layout-flow wp-block-cover-is-layout-flow\">\n<div class=\"wp-block-group is-layout-flow wp-block-group-is-layout-flow\">\n<div class=\"wp-block-columns is-layout-flex wp-container-core-columns-is-layout-28f84493 wp-block-columns-is-layout-flex\">\n<div class=\"wp-block-column is-vertically-aligned-center is-layout-flow wp-block-column-is-layout-flow\" style=\"flex-basis:100%\">\n<h2 class=\"wp-block-heading has-text-align-center has-text-color\" style=\"color:#ffffff\"><span style=\"background-color:rgba(0, 0, 0, 0)\" class=\"has-inline-color has-ast-global-color-6-color\">Seminario de Estudios Cr\u00edticos en Geopol\u00edtica<\/span><\/h2>\n<\/div>\n<\/div>\n\n\n\n<div class=\"wp-block-buttons is-horizontal is-content-justification-center is-layout-flex wp-container-core-buttons-is-layout-03627597 wp-block-buttons-is-layout-flex\"><\/div>\n<\/div>\n<\/div><\/div>\n\n\n\n<div class=\"wp-block-columns is-layout-flex wp-container-core-columns-is-layout-28f84493 wp-block-columns-is-layout-flex\">\n<div class=\"wp-block-column is-layout-flow wp-block-column-is-layout-flow\" style=\"flex-basis:100%\">\n<div class=\"wp-block-group is-layout-flow wp-block-group-is-layout-flow\">\n<div class=\"wp-block-columns is-layout-flex wp-container-core-columns-is-layout-28f84493 wp-block-columns-is-layout-flex\">\n<div class=\"wp-block-column is-layout-flow wp-block-column-is-layout-flow\" style=\"flex-basis:100%\">\n<div class=\"wp-block-group alignfull is-layout-flow wp-block-group-is-layout-flow\">\n<div class=\"wp-block-columns is-layout-flex wp-container-core-columns-is-layout-28f84493 wp-block-columns-is-layout-flex\">\n<div class=\"wp-block-column has-ast-global-color-2-color has-ast-global-color-2-background-color has-text-color has-background is-layout-flow wp-block-column-is-layout-flow\">\n<div class=\"wp-block-group is-layout-flow wp-block-group-is-layout-flow\">\n<div class=\"alignwide\"><div id=\"metaslider-id-1539\" style=\"width: 100%; margin: 0 auto;\" class=\"ml-slider-3-23-0 metaslider metaslider-nivo metaslider-1539 ml-slider ms-theme-jenga has-dots-nav\">\n    <div id=\"metaslider_container_1539\">\n        <div class='slider-wrapper theme-default'><div class='ribbon'><\/div><div id='metaslider_1539' class='nivoSlider'><img loading=\"lazy\" decoding=\"async\" src=\"https:\/\/estudioscriticosgeopolitica.net\/wp-content\/uploads\/2021\/10\/6abril2016-1-700x300.png\" height=\"300\" width=\"700\" title=\"6abril2016-1\" alt=\"\" class=\"slider-1539 slide-1543\" \/><img loading=\"lazy\" decoding=\"async\" src=\"https:\/\/estudioscriticosgeopolitica.net\/wp-content\/uploads\/2021\/10\/19dic2020-700x300.jpg\" height=\"300\" width=\"700\" title=\"19dic2020\" alt=\"\" class=\"slider-1539 slide-1547\" \/><img loading=\"lazy\" decoding=\"async\" src=\"https:\/\/estudioscriticosgeopolitica.net\/wp-content\/uploads\/2021\/10\/Diseno-sin-titulo-2-700x300.png\" height=\"300\" width=\"700\" title=\"Diseno-sin-titulo-2\" alt=\"\" class=\"slider-1539 slide-1576\" \/><\/div><\/div>\n        \n    <\/div>\n<\/div><\/div>\n<\/div>\n<\/div>\n<\/div>\n<\/div>\n<\/div>\n<\/div>\n<\/div>\n<\/div>\n<\/div>\n\n\n\n<div class=\"wp-block-group alignfull has-ast-global-color-6-background-color has-background is-layout-flow wp-block-group-is-layout-flow\">\n<div class=\"wp-block-columns is-layout-flex wp-container-core-columns-is-layout-28f84493 wp-block-columns-is-layout-flex\">\n<div class=\"wp-block-column is-layout-flow wp-block-column-is-layout-flow\">\n<figure class=\"wp-block-image size-large\"><img loading=\"lazy\" decoding=\"async\" width=\"1080\" height=\"675\" src=\"https:\/\/estudioscriticosgeopolitica.net\/wp-content\/uploads\/2021\/10\/71211259_1394549167362261_1105709248404258816_o-edited.jpg\" alt=\"\" class=\"wp-image-1481\" srcset=\"https:\/\/estudioscriticosgeopolitica.net\/wp-content\/uploads\/2021\/10\/71211259_1394549167362261_1105709248404258816_o-edited.jpg 1080w, https:\/\/estudioscriticosgeopolitica.net\/wp-content\/uploads\/2021\/10\/71211259_1394549167362261_1105709248404258816_o-edited-300x188.jpg 300w, https:\/\/estudioscriticosgeopolitica.net\/wp-content\/uploads\/2021\/10\/71211259_1394549167362261_1105709248404258816_o-edited-1024x640.jpg 1024w, https:\/\/estudioscriticosgeopolitica.net\/wp-content\/uploads\/2021\/10\/71211259_1394549167362261_1105709248404258816_o-edited-768x480.jpg 768w\" sizes=\"auto, (max-width: 1080px) 100vw, 1080px\" \/><\/figure>\n\n\n\n<figure class=\"wp-block-video\"><video src=\"https:\/\/www.instagram.com\/tv\/CKPOt1FhG_Q\/?hl=es-la\"><\/video><\/figure>\n<\/div>\n\n\n\n<div class=\"wp-block-column is-vertically-aligned-center is-layout-flow wp-block-column-is-layout-flow\">\n<hr class=\"wp-block-separator has-text-color has-ast-global-color-0-color has-css-opacity has-ast-global-color-0-background-color has-background\"\/>\n\n\n\n<h2 class=\"wp-block-heading\">Sobre el seminario<\/h2>\n\n\n\n<p>A principios del 2015, el Seminario sobre Espacialidad, Dominaci\u00f3n y Violencia de la Facultad de Filosof\u00eda y Letras se consolid\u00f3 a partir de la convergencia de l\u00edneas, intereses y preocupaciones de investigaci\u00f3n que giraban en torno a la dominaci\u00f3n y a la violencia y sus formas de espacializaci\u00f3n en la actualidad.&nbsp;<\/p>\n\n\n\n<p><\/p>\n\n\n\n<p>Desde su origen, el seminario busc\u00f3 poner en discusi\u00f3n a trav\u00e9s de la inter, multi y transdisciplinariedad as\u00ed como de la trans-escalaridad, el an\u00e1lisis de la espacialidad en el siglo XXI, especialmente aquella que directamente se vincula con formas, mecanismos y procesos de dominaci\u00f3n y violencia, que son caracter\u00edsticas de la globalidad imperante.&nbsp;<\/p>\n\n\n\n<div class=\"wp-block-buttons is-layout-flex wp-block-buttons-is-layout-flex\">\n<div class=\"wp-block-button\"><a class=\"wp-block-button__link wp-element-button\" href=\"https:\/\/estudioscriticosgeopolitica.net\/?page_id=11\" rel=\"#\">Leer mas<\/a><\/div>\n<\/div>\n\n\n\n<hr class=\"wp-block-separator has-text-color has-css-opacity has-background is-style-wide\" style=\"background-color:#d3d3d3;color:#d3d3d3\"\/>\n<\/div>\n<\/div>\n<\/div>\n\n\n\n<div class=\"wp-block-columns is-layout-flex wp-container-core-columns-is-layout-28f84493 wp-block-columns-is-layout-flex\">\n<div class=\"wp-block-column is-layout-flow wp-block-column-is-layout-flow\">\n<h2 class=\"wp-block-heading\"> Difusi\u00f3n <\/h2>\n\n\n\n<div class=\"wp-block-cover is-light\"><span aria-hidden=\"true\" class=\"wp-block-cover__background has-background-dim\"><\/span><img loading=\"lazy\" decoding=\"async\" width=\"960\" height=\"720\" class=\"wp-block-cover__image-background wp-image-1708\" alt=\"\" src=\"https:\/\/estudioscriticosgeopolitica.net\/wp-content\/uploads\/2021\/11\/WhatsApp-Image-2021-11-05-at-7.38.06-PM-2.jpeg\" style=\"object-position:69% 79%\" data-object-fit=\"cover\" data-object-position=\"69% 79%\" srcset=\"https:\/\/estudioscriticosgeopolitica.net\/wp-content\/uploads\/2021\/11\/WhatsApp-Image-2021-11-05-at-7.38.06-PM-2.jpeg 960w, https:\/\/estudioscriticosgeopolitica.net\/wp-content\/uploads\/2021\/11\/WhatsApp-Image-2021-11-05-at-7.38.06-PM-2-300x225.jpeg 300w, https:\/\/estudioscriticosgeopolitica.net\/wp-content\/uploads\/2021\/11\/WhatsApp-Image-2021-11-05-at-7.38.06-PM-2-768x576.jpeg 768w\" sizes=\"auto, (max-width: 960px) 100vw, 960px\" \/><div class=\"wp-block-cover__inner-container is-layout-flow wp-block-cover-is-layout-flow\">\n<h2 class=\"wp-block-heading has-text-align-center\"><span style=\"background-color:rgba(0, 0, 0, 0)\" class=\"has-inline-color has-ast-global-color-5-color\">Difusi\u00f3n<\/span><\/h2>\n\n\n\n<div class=\"wp-block-buttons is-horizontal is-content-justification-center is-layout-flex wp-container-core-buttons-is-layout-03627597 wp-block-buttons-is-layout-flex\">\n<div class=\"wp-block-button\"><a class=\"wp-block-button__link has-ast-global-color-0-background-color has-background wp-element-button\" href=\"https:\/\/estudioscriticosgeopolitica.net\/?page_id=15\"><span style=\"background-color:rgba(0, 0, 0, 0)\" class=\"has-inline-color has-ast-global-color-5-color\">Ver<\/span><\/a><\/div>\n<\/div>\n<\/div><\/div>\n\n\n\n<div class=\"wp-block-buttons is-layout-flex wp-block-buttons-is-layout-flex\"><\/div>\n<\/div>\n<\/div>\n\n\n\n<div class=\"wp-block-group alignfull is-layout-flow wp-block-group-is-layout-flow\">\n<div class=\"wp-block-columns is-layout-flex wp-container-core-columns-is-layout-28f84493 wp-block-columns-is-layout-flex\">\n<div class=\"wp-block-column is-layout-flow wp-block-column-is-layout-flow\">\n<div class=\"wp-block-columns is-layout-flex wp-container-core-columns-is-layout-28f84493 wp-block-columns-is-layout-flex\">\n<div class=\"wp-block-column is-layout-flow wp-block-column-is-layout-flow\" style=\"flex-basis:100%\">\n<div class=\"wp-block-group alignwide is-layout-flow wp-block-group-is-layout-flow\">\n<div class=\"wp-block-buttons is-layout-flex wp-block-buttons-is-layout-flex\"><\/div>\n\n\n\n<hr class=\"wp-block-separator has-text-color has-css-opacity has-background is-style-wide\" style=\"background-color:#d8d8d8;color:#d8d8d8\"\/>\n<\/div>\n<\/div>\n<\/div>\n<\/div>\n<\/div>\n<\/div>\n\n\n\n<div class=\"wp-block-group alignfull is-layout-flow wp-block-group-is-layout-flow\">\n<div class=\"wp-block-columns is-layout-flex wp-container-core-columns-is-layout-28f84493 wp-block-columns-is-layout-flex\">\n<div class=\"wp-block-column is-layout-flow wp-block-column-is-layout-flow\">\n<hr class=\"wp-block-separator has-text-color has-ast-global-color-0-color has-css-opacity has-ast-global-color-0-background-color has-background\"\/>\n\n\n\n<h2 class=\"wp-block-heading\">Publicaciones<\/h2>\n<\/div>\n\n\n\n<div class=\"wp-block-column is-vertically-aligned-bottom is-layout-flow wp-block-column-is-layout-flow\">\n<div class=\"wp-block-buttons is-horizontal is-content-justification-right is-layout-flex wp-container-core-buttons-is-layout-30af2ff6 wp-block-buttons-is-layout-flex\"><\/div>\n<\/div>\n<\/div>\n<\/div>\n\n\n\n<div class=\"wp-block-group is-layout-flow wp-block-group-is-layout-flow\">\n<div class=\"wp-block-cover is-light\" style=\"min-height:419px;aspect-ratio:unset;\"><span aria-hidden=\"true\" class=\"wp-block-cover__background has-background-dim\"><\/span><img loading=\"lazy\" decoding=\"async\" width=\"2560\" height=\"1440\" class=\"wp-block-cover__image-background wp-image-1574\" alt=\"\" src=\"https:\/\/estudioscriticosgeopolitica.net\/wp-content\/uploads\/2021\/10\/Diseno-sin-titulo-2.png\" style=\"object-position:48% 29%\" data-object-fit=\"cover\" data-object-position=\"48% 29%\" srcset=\"https:\/\/estudioscriticosgeopolitica.net\/wp-content\/uploads\/2021\/10\/Diseno-sin-titulo-2.png 2560w, https:\/\/estudioscriticosgeopolitica.net\/wp-content\/uploads\/2021\/10\/Diseno-sin-titulo-2-300x169.png 300w, https:\/\/estudioscriticosgeopolitica.net\/wp-content\/uploads\/2021\/10\/Diseno-sin-titulo-2-1024x576.png 1024w, https:\/\/estudioscriticosgeopolitica.net\/wp-content\/uploads\/2021\/10\/Diseno-sin-titulo-2-768x432.png 768w, https:\/\/estudioscriticosgeopolitica.net\/wp-content\/uploads\/2021\/10\/Diseno-sin-titulo-2-1536x864.png 1536w, https:\/\/estudioscriticosgeopolitica.net\/wp-content\/uploads\/2021\/10\/Diseno-sin-titulo-2-2048x1152.png 2048w\" sizes=\"auto, (max-width: 2560px) 100vw, 2560px\" \/><div class=\"wp-block-cover__inner-container is-layout-flow wp-block-cover-is-layout-flow\">\n<h1 class=\"wp-block-heading alignwide has-text-align-center\"><span style=\"background-color:rgba(0, 0, 0, 0)\" class=\"has-inline-color has-ast-global-color-4-color\">Publicaciones<\/span><\/h1>\n\n\n\n<div class=\"wp-block-buttons is-horizontal is-content-justification-center is-layout-flex wp-container-core-buttons-is-layout-03627597 wp-block-buttons-is-layout-flex\">\n<div class=\"wp-block-button has-custom-font-size is-style-fill has-normal-font-size\"><a class=\"wp-block-button__link has-ast-global-color-5-color has-ast-global-color-0-background-color has-text-color has-background no-border-radius wp-element-button\" href=\"https:\/\/estudioscriticosgeopolitica.net\/?page_id=1598\"><span style=\"background-color:rgba(0, 0, 0, 0)\" class=\"has-inline-color has-ast-global-color-5-color\">Ver<\/span><\/a><\/div>\n<\/div>\n<\/div><\/div>\n\n\n\n<p><\/p>\n<\/div>\n\n\n\n<hr class=\"wp-block-separator has-text-color has-css-opacity has-background is-style-wide\" style=\"background-color:#e2e2e2;color:#e2e2e2\"\/>\n\n\n\n<div class=\"wp-block-group alignfull has-ast-global-color-6-background-color has-background is-layout-flow wp-block-group-is-layout-flow\">\n<div class=\"wp-block-cover is-light\"><span aria-hidden=\"true\" class=\"wp-block-cover__background has-ast-global-color-7-background-color has-background-dim-80 has-background-dim\"><\/span><img loading=\"lazy\" decoding=\"async\" width=\"1280\" height=\"851\" class=\"wp-block-cover__image-background wp-image-1548\" alt=\"\" src=\"http:\/\/estudioscriticosgeopolitica.net\/wp-content\/uploads\/2021\/10\/syria-middle-east-map-1034467.jpg\" data-object-fit=\"cover\" srcset=\"https:\/\/estudioscriticosgeopolitica.net\/wp-content\/uploads\/2021\/10\/syria-middle-east-map-1034467.jpg 1280w, https:\/\/estudioscriticosgeopolitica.net\/wp-content\/uploads\/2021\/10\/syria-middle-east-map-1034467-300x199.jpg 300w, https:\/\/estudioscriticosgeopolitica.net\/wp-content\/uploads\/2021\/10\/syria-middle-east-map-1034467-1024x681.jpg 1024w, https:\/\/estudioscriticosgeopolitica.net\/wp-content\/uploads\/2021\/10\/syria-middle-east-map-1034467-768x511.jpg 768w\" sizes=\"auto, (max-width: 1280px) 100vw, 1280px\" \/><div class=\"wp-block-cover__inner-container is-layout-flow wp-block-cover-is-layout-flow\">\n<h2 class=\"wp-block-heading has-text-align-center has-text-color\" style=\"color:#ffffff\">Cartograf\u00edas<\/h2>\n\n\n\n<p class=\"has-text-align-center\"><\/p>\n\n\n\n<div class=\"wp-block-buttons is-horizontal is-content-justification-center is-layout-flex wp-container-core-buttons-is-layout-03627597 wp-block-buttons-is-layout-flex\">\n<div class=\"wp-block-button\"><a class=\"wp-block-button__link has-ast-global-color-0-background-color has-text-color has-background wp-element-button\" href=\"https:\/\/estudioscriticosgeopolitica.net\/?page_id=2039\" style=\"color:#ffffff\" target=\"_blank\" rel=\"# noopener\">Ver<\/a><\/div>\n<\/div>\n<\/div><\/div>\n<\/div>\n","protected":false},"excerpt":{"rendered":"<p>Sobre el seminario A principios del 2015, el Seminario sobre Espacialidad, Dominaci\u00f3n y Violencia de la Facultad de Filosof\u00eda y Letras se consolid\u00f3 a partir de la convergencia de l\u00edneas, intereses y preocupaciones de investigaci\u00f3n que giraban en torno a la dominaci\u00f3n y a la violencia y sus formas de espacializaci\u00f3n en la actualidad.&nbsp; Desde [&hellip;]<\/p>\n","protected":false},"author":1,"featured_media":0,"parent":0,"menu_order":0,"comment_status":"closed","ping_status":"closed","template":"","meta":{"_monsterinsights_skip_tracking":false,"_monsterinsights_sitenote_active":false,"_monsterinsights_sitenote_note":"","_monsterinsights_sitenote_category":0,"site-sidebar-layout":"no-sidebar","site-content-layout":"plain-container","ast-site-content-layout":"default","site-content-style":"default","site-sidebar-style":"default","ast-global-header-display":"","ast-banner-title-visibility":"","ast-main-header-display":"","ast-hfb-above-header-display":"","ast-hfb-below-header-display":"","ast-hfb-mobile-header-display":"","site-post-title":"disabled","ast-breadcrumbs-content":"","ast-featured-img":"disabled","footer-sml-layout":"","theme-transparent-header-meta":"enabled","adv-header-id-meta":"","stick-header-meta":"","header-above-stick-meta":"","header-main-stick-meta":"","header-below-stick-meta":"","astra-migrate-meta-layouts":"default","ast-page-background-enabled":"default","ast-page-background-meta":{"desktop":{"background-color":"","background-image":"","background-repeat":"repeat","background-position":"center center","background-size":"auto","background-attachment":"scroll","background-type":"","background-media":"","overlay-type":"","overlay-color":"","overlay-opacity":"","overlay-gradient":""},"tablet":{"background-color":"","background-image":"","background-repeat":"repeat","background-position":"center center","background-size":"auto","background-attachment":"scroll","background-type":"","background-media":"","overlay-type":"","overlay-color":"","overlay-opacity":"","overlay-gradient":""},"mobile":{"background-color":"","background-image":"","background-repeat":"repeat","background-position":"center center","background-size":"auto","background-attachment":"scroll","background-type":"","background-media":"","overlay-type":"","overlay-color":"","overlay-opacity":"","overlay-gradient":""}},"ast-content-background-meta":{"desktop":{"background-color":"var(--ast-global-color-5)","background-image":"","background-repeat":"repeat","background-position":"center center","background-size":"auto","background-attachment":"scroll","background-type":"","background-media":"","overlay-type":"","overlay-color":"","overlay-opacity":"","overlay-gradient":""},"tablet":{"background-color":"var(--ast-global-color-5)","background-image":"","background-repeat":"repeat","background-position":"center center","background-size":"auto","background-attachment":"scroll","background-type":"","background-media":"","overlay-type":"","overlay-color":"","overlay-opacity":"","overlay-gradient":""},"mobile":{"background-color":"var(--ast-global-color-5)","background-image":"","background-repeat":"repeat","background-position":"center center","background-size":"auto","background-attachment":"scroll","background-type":"","background-media":"","overlay-type":"","overlay-color":"","overlay-opacity":"","overlay-gradient":""}},"footnotes":""},"class_list":["post-9","page","type-page","status-publish","hentry"],"_links":{"self":[{"href":"https:\/\/estudioscriticosgeopolitica.net\/index.php?rest_route=\/wp\/v2\/pages\/9","targetHints":{"allow":["GET"]}}],"collection":[{"href":"https:\/\/estudioscriticosgeopolitica.net\/index.php?rest_route=\/wp\/v2\/pages"}],"about":[{"href":"https:\/\/estudioscriticosgeopolitica.net\/index.php?rest_route=\/wp\/v2\/types\/page"}],"author":[{"embeddable":true,"href":"https:\/\/estudioscriticosgeopolitica.net\/index.php?rest_route=\/wp\/v2\/users\/1"}],"replies":[{"embeddable":true,"href":"https:\/\/estudioscriticosgeopolitica.net\/index.php?rest_route=%2Fwp%2Fv2%2Fcomments&post=9"}],"version-history":[{"count":58,"href":"https:\/\/estudioscriticosgeopolitica.net\/index.php?rest_route=\/wp\/v2\/pages\/9\/revisions"}],"predecessor-version":[{"id":2060,"href":"https:\/\/estudioscriticosgeopolitica.net\/index.php?rest_route=\/wp\/v2\/pages\/9\/revisions\/2060"}],"wp:attachment":[{"href":"https:\/\/estudioscriticosgeopolitica.net\/index.php?rest_route=%2Fwp%2Fv2%2Fmedia&parent=9"}],"curies":[{"name":"wp","href":"https:\/\/api.w.org\/{rel}","templated":true}]}}